25 - 1380. What is the units digit of a?
5
Let g = 156 + -29. What is the tens digit of g?
2
Suppose -12 = -4*l + 8. Let q(d) = -d + 1. Let r be q(l). Let k(i) = -i + 1. What is the units digit of k(r)?
5
What is the tens digit of (13/52 + 3258/(-8))/(-1)?
0
What is the hundreds digit of (9*3757/(-156))/((-2)/8)?
8
Suppose -15*d + t + 31800 = -10*d, -5*d + 5*t + 31780 = 0. What is the thousands digit of d?
6
Suppose 0 = -3*q + 5*y - 13, q + y + 4 = 3*y. What is the units digit of -4*q/60 - (-798)/5?
0
Let w = -102 + 490. What is the tens digit of w?
8
Suppose -10*m + 15 = -5*m, 0 = -4*n - 2*m - 1346. Let x = 641 + n. What is the units digit of x?
3
Suppose 0 = 79*t - 69*t - 1970. What is the tens digit of t?
9
Let l = 28 - 21. Suppose 4 = -y + l. Suppose 0 = 9*g - y*g - 222. What is the units digit of g?
7
Suppose 10*d - 398 = 762. What is the units digit of d?
6
Suppose 52*b - 55*b = -1746. What is the tens digit of b?
8
Let r(n) = n**2 - 2*n + 3. Let g be r(0). Let k be 2 + (2 - g) - -5. Let q = 13 + k. What is the units digit of q?
9
Let r = -41 + 51. Let s(f) = f**3 - 11*f**2 + 13*f + 1. What is the units digit of s(r)?
1
Let g = -67 + 86. Suppose g*r - 1272 - 913 = 0. What is the tens digit of r?
1
Let c(z) = 7*z - 15. Let s(d) = d**2 - 3*d - 1. Let g be s(5). What is the tens digit of c(g)?
4
Suppose -13*k + 1509 = -5680. What is the hundreds digit of k?
5
Let u = 567 + -302. What is the units digit of u?
5
Let l = -1159 + 2294. What is the thousands digit of l?
1
Let q(o) = 23*o + 439. What is the tens digit of q(-16)?
7
Let q = -103 + 100. What is the hundreds digit of 3/q*(-4 - -5)*-327?
3
Let d be (1 + 1)*(2 - 0). Let t(h) = -2*h**2 + 3*h + 10. Let c(i) = 2*i**2 - 4*i - 13. Let j(o) = -4*c(o) - 5*t(o). What is the units digit of j(d)?
8
Let l = -66 + 23. Let f = l - -58. What is the tens digit of f?
1
Suppose -q - 3*q = 8. Let s be 5/q*1*-2. What is the units digit of 3/s - 469/(-35)?
4
Let t(n) = 18*n + 10. Let r(s) = -s**2 + 7*s + 2. Let b be r(7). What is the units digit of t(b)?
6
Let b be 18/22 + 10/55. Let t be (b + 0 - 179) + -2. Let m = t + 259. What is the units digit of m?
9
Suppose 11*p + 8 = 12*p. Suppose -324 = 6*k - p*k. What is the tens digit of k?
6
Let s(k) = -2*k**3 - 3*k**2 - k - 2. Let d be s(-6). Let l = d + -173. What is the units digit of l?
5
Let r(j) = j**2 + 4*j - 14. Suppose -24 = 3*w + w. Let u be r(w). Let p = 22 + u. What is the tens digit of p?
2
Suppose 24*g = 17705 + 6703. What is the units digit of g?
7
Let r be -43 + 2/(-4)*-2. Suppose -5*q - 71 - 63 = -2*i, 0 = 5*i + 4*q - 335. Let d = r + i. What is the tens digit of d?
2
Suppose -1148 = -10*u + 922. What is the hundreds digit of u?
2
Let w(x) = 11*x. Let h be w(1). Let b = 70 - 34. Let v = b - h. What is the tens digit of v?
2
Let t = 33 + -27. Suppose 3*x - w = 68, 5*x + t*w - 3*w = 90. What is the units digit of x?
1
Let b = -6 - -10. Suppose -b*d + 5*d - 96 = 0. Suppose -5*o + d = -o. What is the tens digit of o?
2
What is the hundreds digit of (2/8 + -1)*29080/(-30)?
7
Let i = 886 + -415. Suppose -3*v + 3*g = -i, -5*v + 884 = 3*g + 75. What is the hundreds digit of v?
1
Suppose -5*u + 2461 + 12041 = 4*q, 5*q - 5811 = -2*u. What is the thousands digit of u?
2
Let f(l) = -11*l**2 + l + 2968. What is the thousands digit of f(0)?
2
Suppose 3*f - 44 = 4*z, 4*z - 8 = -3*f - 52. Let r(h) = h**3 + 12*h**2 + 9*h + 17. What is the units digit of r(z)?
9
Let l(j) be the second derivative of 4*j**3/3 - 13*j**2/2 + j. Let u(i) = -i**3 + i**2 + 32*i - 3. Let t be u(6). What is the tens digit of l(t)?
5
Let b(h) = -415*h**3 + h + 1. What is the hundreds digit of b(-1)?
4
Suppose -11*z + 9*z + 6 = 0. Suppose -66 = -z*o - j + 4*j, 116 = 5*o - 3*j. What is the tens digit of o?
2
Let u be 1/1 + 4/(-2). Let i(v) = 41*v**3 + 6*v**2 - v - 3. Let o(r) = 82*r**3 + 10*r**2 - 2*r - 5. Let n(l) = 5*i(l) - 3*o(l). What is the units digit of n(u)?
0
Let x be (15/(-9))/5*-177. Let i = -11 + x. What is the units digit of i?
8
Suppose -37 - 71 = -6*h. What is the units digit of (114/5)/(h/45)?
7
Suppose 10*d - 21322 + 1582 = 0. What is the units digit of d?
4
Let g be ((-10)/8)/((-116)/16 - -7). Suppose -g*l - 2*o = -1030, 2*o - 412 = -4*l + 2*l. What is the tens digit of l?
0
Let f = -39 - -32. Let c = 110 + f. Suppose -c = -2*b + 3*w, 3*b + 3*w - 150 = 6*w. What is the tens digit of b?
4
Let q = 2992 + -482. What is the tens digit of q?
1
Suppose -24*z + 7866 = -15*z. What is the tens digit of z?
7
Suppose 4*q - 141 = -3*t, 0 = 5*t + 3*q - 192 - 54. What is the tens digit of t?
5
Let s = -31 + 33. Suppose -r + 93 = -s*p, 11*p + 505 = 5*r + 9*p. What is the hundreds digit of r?
1
Suppose 27*k = 7*k + 10520. What is the tens digit of k?
2
What is the tens digit of -1 - (-1330 + 48/(-8))?
3
Let a = -118 + 280. Let r = a + -109. What is the units digit of r?
3
Let k(p) = -p**3 + 9*p**2 - 7*p - 15. Suppose 4*m = 10 + 18. What is the units digit of k(m)?
4
Suppose 30*n - 1 = 29*n. What is the units digit of n?
1
Let l be -3 + 3 + 2 + -2. Suppose 6*k - 212 - 160 = l. What is the units digit of k?
2
Let x = 20 + -80. Let f = x + 178. What is the units digit of f?
8
Let m = 2207 - 1553. What is the tens digit of m?
5
Let m = -96 + 516. What is the hundreds digit of m?
4
Suppose 4*n - 5*v - 5340 = 0, 27*v - 28*v - 5340 = -4*n. What is the hundreds digit of n?
3
Let m be (5 + 23)*(-100)/(-8). Suppose m = 23*l - 18*l. What is the units digit of l?
0
Suppose -4*f - 30508 = -5*z - 3627, 4*f = 4*z - 21504. What is the units digit of z?
7
Let r(h) = 2*h - 26. Let w(f) = -f + 9. Let x(d) = 4*r(d) + 11*w(d). Let k be x(-8). Let c = k - 18. What is the units digit of c?
1
Suppose 9*q - 2325 - 942 = 0. What is the hundreds digit of q?
3
Let w be ((-2)/(-4) - 0)*-2. Let v(s) = -5*s - 1. Let r be v(w). Suppose 7*x - 33 = r*x. What is the tens digit of x?
1
Let p(a) = -7*a - 28. Let k be (10 - -2 - 3)*(0 - 1). What is the tens digit of p(k)?
3
Let r be 3 + (1*-303)/(-3). Suppose -r = -2*h - 2*h + 4*f, 0 = 3*h + 3*f - 96. Suppose -h = -3*m + 19. What is the tens digit of m?
1
Suppose 0 = -4*q + 18 - 6. Let v be -1*(q + -2) - -3. Suppose 0 = v*f - 0*f - 72. What is the units digit of f?
6
Suppose 2*a - 3*a - 5 = 0, 2*w - 3*a = 713. What is the hundreds digit of w?
3
Let t(h) = 2*h - 11. Let w be t(-2). What is the units digit of (0 - 9/w)/(1/5)?
3
Let q = 146 - 292. Let b = q + 284. What is the units digit of b?
8
Let j be (-9 + -3 + 6)*-15. Suppose z - j = -3*a, -2*z - 5*a + 420 = 3*z. What is the units digit of z?
1
Let q = 89 + -104. Let o = q + 23. What is the units digit of o?
8
Let w = -1282 + 2684. What is the units digit of w?
2
Suppose 8*i = 2*i - 642. What is the tens digit of i/(-7) - 18/63?
1
Suppose 3*a - 5*a + 52 = 0. Let u = -10 + a. What is the units digit of u?
6
Let n be (-1)/(-1) + (-1 - 3). What is the units digit of (-1150)/(-15) + (-4)/n + -2?
6
Suppose 8*j + 4*l = 4*j, 0 = 3*j + 5*l. What is the tens digit of -1*(-1 + (-860)/4) - j?
1
Let b be 8/(-28) - (-6)/21. Suppose -f - 3*t + 35 = 0, b = -f - 4*f - t + 119. What is the tens digit of f?
2
Let s = 17 + -15. Let i = 6 - s. Suppose -i*m - 10 = -5*u, 3*u - 6 = 3*m - m. What is the units digit of u?
2
Let z(i) = 5*i - 13. Let x be z(11). Let c be ((-120)/70)/((-4)/x). Let l(b) = b**3 - 19*b**2 + 20*b - 7. What is the units digit of l(c)?
9
Let b(p) = 8*p - 5. Suppose 5*y - 4*q - q - 30 = 0, 21 = 2*y + q. What is the tens digit of b(y)?
6
Let d(x) = -6*x**2 + x + 9. Let k be d(-6). Let j = -123 - k. What is the tens digit of j?
9
Let q be (-2 - (-1 + 2))*-2. Suppose -4*s = a - 0*s - q, -5*a = -5*s - 5. Suppose -2*d - a*d + 80 = 0. What is the units digit of d?
0
Let q = -462 + 1033. What is the tens digit of q?
7
What is the units digit of ((-8840)/(-13))/((-27)/(-6) + -4)?
0
Suppose 4*x - 24 = -2*g, -5*g + 4*g - 23 = -5*x. Let p be (1 + 6)/((-2)/6). What is the units digit of 5/(-5) + (g - p)?
2
Suppose 5*q + 3*o = 9, -5*o + 9 = -6. Suppose b = -2*v - v + 207, q = -4*v - 4. What is the units digit of b?
0
Suppose 87 = 4*o - 345. Suppose o = -8*n + 12*n. What is the units digit of 3 - (-1*n + 2)?
8
Let j = 206 - 200. Let f(s) = 2*s**2 + 2*s - 1. Let p be f(2). Suppose -p*z = -j*z - 65. What is the units digit of z?
3
Let